y) = 2*d(y) + 9*x(y). Let u be 4/14 - (-26)/7. What is k(u)?
-4
Let a(p) = 2*p + 2. Let w(j) be the first derivative of j**3/3 - 8*j**2 + 35*j + 2. Let y be w(14). What is a(y)?
16
Let o(d) = d - 1. Let c(m) = 5. Let y(x) = c(x) + 5*o(x). Determine y(-3).
-15
Let w(x) = -x + 6. Suppose -3*l + 164 = -2*m, l + 4*l + 5*m - 265 = 0. Let q = l - 46. Give w(q).
-2
Let b(j) = j - 6. Let t(v) be the second derivative of -v**3/2 + 12*v**2 + v. Let p(r) = -9*b(r) - 2*t(r). Calculate p(4).
-6
Let h(a) = -a**3 - 2*a + 1. Let v(m) = 7*m**3 + 11*m**2 + m + 11. Let f(t) = -6*h(t) - v(t). Determine f(-12).
-5
Let x(v) = -3*v**2 + 13*v + 53. Let i(m) = m**2 - 4*m - 18. Let p(k) = -8*i(k) - 3*x(k). Give p(8).
-7
Let m(n) be the third derivative of n**5/60 - 5*n**4/8 + 2*n**3/3 + 3*n**2 - n. Calculate m(14).
-10
Let p(a) = -a**2 + 7*a + 10. Suppose 0 = -2*g - m + 12, -g = -m + 18 - 30. Give p(g).
2
Suppose 0 = -4*u + 2 + 6, 2*x + 2*u - 10 = 0. Let k(a) be the second derivative of 0 + 2*a + 3/2*a**2 - 2/3*a**3 - 1/6*a**4 + 1/20*a**5. Calculate k(x).
0
Let q = 0 + -2. Let j(a) be the third derivative of -a**6/60 - a**5/15 - a**4/12 + a**3/3 - 3*a**2 - 3*a. Calculate j(q).
6
Let u = 8 + -11. Let n(c) = -3*c**2 + 10*c + 6. Let y(q) = 4*q**2 - 11*q - 7. Let p be (-567)/270 + 1/10. Let l(i) = p*y(i) + u*n(i). Calculate l(8).
-4
Suppose 9 = 4*r - r. Let h(g) = -5*g**2 + 7*g**2 + 2*g**2 - 4 + 0*g**3 - r*g + g**3. Give h(-4).
8
Let y(t) = t + 1. Let b(g) = -2*g + 25. Let f be b(11). Suppose -7*l = -f*l - 8. Suppose 3*r + x + 2 = 0, -l*x = -2*r - 7*x + 3. Determine y(r).
0
Let s(n) = -15*n**2 - 13*n + 34. Let u(w) = 7*w**2 + 6*w - 17. Let k = 33 + -39. Let h(z) = k*s(z) - 13*u(z). Calculate h(0).
17
Let w(i) = -i**3 + 10*i**2 - 13*i + 12. Let f be w(8). Suppose f = -2*r - r. Let x = r - -12. Let n(m) = m + 8. Calculate n(x).
8
Let b(h) = h**3 - 7*h**2 - 9*h + 2. Let x be b(8). Let q(u) be the second derivative of u**3/6 + 9*u**2/2 + 22*u + 1. Calculate q(x).
3
Suppose 3*t + 6 = -0*i - 3*i, -2*t + 3*i = -16. Let g(l) = -3*l + l**t - 102 + l**2 + 99. Give g(4).
17
Let c(f) = -46*f - 89. Let y be c(-2). Let i(d) be the third derivative of 12*d**2 - 1/60*d**5 + 0 + 0*d + 0*d**4 + 2*d**y. What is i(0)?
12
Let l(v) = 2*v - 8. Let g(y) = y**3 + 5*y**2 - 6*y - 26. Let z be g(-5). Determine l(z).
0
Let d(l) be the first derivative of 5*l**2 + 9*l - 96. Calculate d(-4).
-31
Let j(a) be the third derivative of a**6/6 - a**5/60 + a**4/24 - a**3/6 - 83*a**2 - a. What is j(1)?
19
Let i(b) be the second derivative of b**4/12 + b**3 + 2*b**2 + 3*b. Let t be (-2 - -4)/(-2 - 15/(-10)). Calculate i(t).
-4
Suppose c = -2*c + 18. Let z = -6 + c. Let j(b) = -2*b + z*b + 1 + 15*b. Give j(-1).
-12
Let n(u) = -7*u**3 - 5*u - 29. Let y(z) = -4*z**3 - 2*z**3 - 2*z - 20 + 3*z**3 + 6. Let t(f) = 2*n(f) - 5*y(f). Calculate t(0).
12
Let b(t) be the first derivative of t**4/12 + 5*t**3/3 + 3*t**2 + 7*t - 20. Let n(p) be the first derivative of b(p). Determine n(-8).
-10
Let y(b) = -7*b**2 - 6*b - 13. Let u(g) = 16*g**2 + 12*g + 27. Let r(i) = 4*u(i) + 9*y(i). Determine r(7).
-2
Suppose 0 = 9*t - 132 + 51. Let p(d) = -d**3 + 10*d**2 - 11*d + 2. Calculate p(t).
-16
Suppose -2*m = -2*g + 118, -7*m + 2*g - 295 = -2*m. Let l = 62 + m. Let w(f) = 5*f - 1. What is w(l)?
14
Let b = -1884 + 1885. Let i(p) = 5*p**2 - 2 - 5*p + 3*p + 3. What is i(b)?
4
Let k(n) = -n**2 - 9*n + 4. Let d(v) be the first derivative of -v**3/3 + v + 52. Let t(l) = -2*d(l) + k(l). Calculate t(8).
-6
Let c(v) = -v**3 - 5*v**2 - 2*v + 4. Let o(z) = z**2 + 12*z + 8. Suppose 5*b + b = 0. Suppose 2*a + 22 = -b. Let w be o(a). Give c(w).
-8
Let k be ((-8)/6)/(416/(-39) + 11). Let m(j) = 3*j**2 + j + 4. Give m(k).
48
Let v(z) be the second derivative of -z**5/20 - 5*z**4/12 + 7*z**3/6 - 3*z**2/2 + z. Let f be (9/5)/(11/(330/(-9))). Determine v(f).
-9
Suppose -3 = c, 4*b + 2*c - 60 = 6*c. Let n = 13 - b. Let f(m) = -8*m + 1. Determine f(n).
-7
Let z(b) = b**3 + 8*b**2 + 9*b + 4. Let x be 1272/(-184) + 10/(-115). Give z(x).
-10
Let g(i) = 3*i**2 + i - 1. Let u be 4/(2 + -3 + -1). Let c be g(u). Let t(p) = -p**3 + 9*p**2 - p + 12. Let a be t(c). Let o(y) = 2*y. Determine o(a).
6
Let a(d) = 17*d**3 - 96*d**2 - 26. Let z(t) = -3*t**3 + 19*t**2 + 5. Let f(j) = -2*a(j) - 11*z(j). What is f(-17)?
-3
Suppose 4*v - 2*v = 4*v. Suppose -3*q - 4*q + q = v. Let l(i) = -i - 19. Give l(q).
-19
Let x be (-4)/6 + (-128)/(-48). Let f(b) = x*b**2 + b**2 + 95 + 0*b**2 - 97 + 2*b. Calculate f(-2).
6
Let s(u) = u + 26. Let a(r) = -2*r - 1. Let b(g) = 3*a(g) - s(g). Give b(-5).
6
Let d = -32 - -32. Let j(h) = 4*h + d*h**2 + 2*h**2 + 1 - 3*h. Suppose 1 - 9 = -4*g. Calculate j(g).
11
Suppose 3*t + 5 = -c + 6*t, c = -3*t + 13. Let p(u) = -u**2 + u. Determine p(c).
-12
Let h(n) be the third derivative of n**7/2520 + 7*n**6/720 - 3*n**5/20 - 25*n**2. Let d(u) be the third derivative of h(u). Calculate d(-8).
-9
Let d(s) = 6 + 0 - 2*s - s + s**2 + s**3 + 3*s**2. Let t be d(-5). Let h be -1 + (-1 - t) + 4. Let w(v) = -v**2 + 6*v + 4. Calculate w(h).
4
Let v(u) = 6*u + 47. Let f be v(-7). Let m(s) = -10 + 4*s - f + 15. Determine m(1).
4
Let a(v) = -26 + 85 - v**3 - 54 + 5*v + 6*v**2. Suppose 5 = 3*p - 16. Calculate a(p).
-9
Suppose p - 2*p + 2 = 0. Let l(z) = 219*z + z**2 + 225*z + 217*z - 3*z**2 + 2 - 663*z. Give l(p).
-10
Let c = -17 + 46. Let b = c - 33. Let q(w) = -2*w. Determine q(b).
8
Let x(m) = -2*m + 95 - 94 + 5*m. Give x(3).
10
Suppose c = -4*i + 6*c + 15, -2*i + 2*c = -6. Let a be (i + 2)*(-15)/(-10). Let g(f) = -f - 6*f - 3*f**2 + 4*f**2 + 0*f**2. Give g(a).
-12
Let o(l) = -3*l**2 - 6 + 5*l**3 - 4*l**3 - 3*l**2 + 5*l. Let u(j) = j**2 + 2*j - 4. Let h be u(-6). Suppose 2*d = -2*d + h. Calculate o(d).
-6
Let m(b) be the third derivative of b**5/30 + 13*b**4/24 - 4*b**3/3 + 11*b**2 - 33. Give m(-6).
-14
Suppose 3*w + 37 = -32. Let b = 23 + w. Let g(a) be the second derivative of -a**5/20 - a**4/12 + 5*a**2/2 + a. Determine g(b).
5
Let c(x) = -x + 1. Let v(o) = o**2 - 6*o + 11. Let f(h) = -5*c(h) + v(h). What is f(6)?
36
Let f(b) = -2*b**3 + 4*b**2 - 4*b + 2. Let y(x) = 4*x - 42. Let c be y(11). Give f(c).
-6
Let i(d) be the second derivative of 10*d + 1/6*d**4 + 1/2*d**2 - 2 + 1/3*d**3. Calculate i(2).
13
Suppose -3 + 15 = -2*p. Let w(n) = -n**2 - 5*n + 8. Let g be w(p). Let j(q) = -4*q + 4*q**g - 2*q**2 - q**2. Calculate j(5).
5
Let w(q) = 6*q**2 - 5*q - 15. Let l(m) = m**2 - m. Let o(s) = -5*l(s) + w(s). Give o(0).
-15
Let u(q) be the first derivative of -q**4/4 - q**3 + 5*q**2/2 - 3*q + 780. Calculate u(-3).
-18
Let w(x) = -x**3 - x + 6. Suppose 0 = 56*b - 58*b. What is w(b)?
6
Let i(b) = -b**3 - 8*b**2 - 7*b - 2. Let o(u) = 4*u + 13. Let q be o(-2). Suppose -s = -t - q*s + 1, t + 5 = -s. Calculate i(t).
-2
Let u(j) = -2*j**2 - 13*j - 8. Let q = 147 + -153. Let x(v) = -v**2 - 6*v - 4. Let a(y) = q*u(y) + 11*x(y). Calculate a(-9).
-23
Let b(t) = 3*t + 4. Suppose -4*r + 12 = 4*d, -r - 4*d = -d + 3. Let s(y) = y - r*y + 4*y + 1. Let p(v) = b(v) - 5*s(v). Give p(1).
7
Suppose 0 = -0*h - h + 166. Let j = h + -118. Let t(q) = 0 - 50*q + j*q - 3. Determine t(6).
-15
Let l be 4/10 + (-56)/(-10). Let n(p) = -2*p + 22. Let t be n(10). Let q(j) = j**t + 2 + 4 - 4 - 8*j + 5. Determine q(l).
-5
Let x = -6 + 12. Let v(u) = u**3 - 6*u**2 + 2*u - 6. Give v(x).
6
Let j(k) = 1190*k + k**3 - 5*k**2 + 0 - 3 - 1183*k. Calculate j(3).
0
Let x(v) = v**3 - 5*v**2 + 5*v - 9. Let o(c) = c**2 - 4*c. Let d(j) = -o(j) - x(j). Give d(4).
5
Let h = -2232 - -2230. Let g(n) be the second derivative of -n**3/2 - n**2/2 + n. Give g(h).
5
Suppose -a - 37*b = -42*b + 26, 5*a + 2*b = -49. Let p(u) = 4*u + 39. Give p(a).
-5
Let h = 336 + -221. Let x(b) = -111 + 2*b + 0*b + h - 4*b. Calculate x(7).
-10
Suppose 3*p = 2*t - 17, -5*t + 4*p + 9 = -30. Let q(h) = 3 + 2*h**2 + h + t*h - 3*h**2. Calculate q(8).
3
Suppose 6 = 5*g - 2*g. Let s(h) = 38*h**g - 6 + 38*h**2 - 5*h**3 + 7*h + 4*h**3 - 71*h**2. What is s(6)?
0
Let c(i) be the first derivative of -i**3/3 - 2*i**2 + 3. Suppose -8 + 4 = -2*l. Suppose -l = p + 2. Give c(p).
0
Let r(q) = -q**3 + q + 14. Suppose -44*i - 51*i = 0. What is r(i)?
14
Let y(j) = 5*j**3 - 2*j**2 - 13*j - 8. Let k(h) = 6*h**3 - h**2 - 14*h - 8. Let b(n) = 6*k(n) - 7*y(n). Le